*2 - 8*d - 5. Give g(9).
4
Let c(t) = 54*t**3 - 6*t + 6. Calculate c(1).
54
Let l(h) = -5*h. Calculate l(-2).
10
Let m(k) = -k + 8. Determine m(11).
-3
Let j(l) = l + 9. Determine j(6).
15
Let s(g) = -g**2 + 2*g + 6. Determine s(3).
3
Let u(s) = -s**3 + 6*s**2 - 8*s - 2. Calculate u(4).
-2
Let v(j) = -j**3 + 23*j**2 - 126*j + 2. Give v(9).
2
Let b(y) = 2*y**2 - 10*y + 4. Calculate b(7).
32
Let d(l) = 3*l**3 + 16*l**2 + 7*l + 6. Calculate d(-6).
-108
Let q(z) = -z**3 + 13*z**2 - 14*z + 16. Calculate q(12).
-8
Let p(j) = j + 22. What is p(-5)?
17
Let v(m) = m**3 + 2*m - 7. Determine v(3).
26
Let d(b) = b**3 + b - 8. Give d(0).
-8
Let j(b) = -b**2 - 10*b - 19. Give j(-9).
-10
Let u(o) = -o**2 - 1. Calculate u(5).
-26
Let a(i) = 20*i**2 + i. Determine a(1).
21
Let g(t) = 17*t + 42. Determine g(-2).
8
Let x(l) = -l**3 + 15*l**2 + 19*l - 43. What is x(16)?
5
Let z(i) = -i**3 + 2*i**2 - 2*i - 2. Calculate z(2).
-6
Let u(g) = g**3 + 16*g**2 - g + 29. Determine u(-16).
45
Let a(p) = -7*p - 15. Determine a(-3).
6
Let v(b) = -b**3 + 2*b**2. Calculate v(0).
0
Let g(a) = -20*a - 153. Calculate g(-7).
-13
Let k(v) = -6*v + 3. What is k(1)?
-3
Let d(t) = 11*t - 24. What is d(6)?
42
Let x(v) = 2*v**3 - 14*v**2 + v - 7. What is x(7)?
0
Let o(d) = -2*d**3 + 4*d**2 + 3*d - 4. What is o(4)?
-56
Let z(q) = 6*q + 40. What is z(-27)?
-122
Let h(p) = 15*p - 59. Give h(4).
1
Let c(p) = 2*p**2 + 5*p + 3. Give c(-3).
6
Let w(h) = 3*h + 3. What is w(-9)?
-24
Let f(h) = -4*h**2 + 6*h + 5. What is f(-1)?
-5
Let m(r) = -r**3 - 10*r**2 - 9. Give m(-10).
-9
Let m(y) = -y**2 - 13*y + 22. Give m(0).
22
Let l(w) = 278*w - 3057. What is l(11)?
1
Let j(k) = -6*k + 2. What is j(4)?
-22
Let u(z) = z**2 + 7*z + 11. What is u(-3)?
-1
Let c(a) = -11*a - 435. Give c(-39).
-6
Let k(h) = h**2 + 20*h - 9. What is k(-15)?
-84
Let n(v) = 2*v**2 + 40*v - 34. Determine n(-21).
8
Let w(b) = -20*b**3 - b**2 - 4*b - 3. What is w(-1)?
20
Let a(o) = o**2 - 12*o - 8. What is a(13)?
5
Let g(t) = t**3 - 8*t**2 + 6. Determine g(8).
6
Let b(g) = 4*g. Give b(11).
44
Let a(r) = -3*r**2 + 25*r - 54. What is a(4)?
-2
Let z(p) = -p**2 - p - 3. Give z(0).
-3
Let l(r) = -r**3 + 7*r**2 - 3. Calculate l(7).
-3
Let u(a) = a**2 - 9*a. What is u(10)?
10
Let d(c) = 8*c**2 - 4*c + 2. What is d(-4)?
146
Let w(f) = 4*f - 30. What is w(6)?
-6
Let v(b) = 9*b + 284. What is v(-32)?
-4
Let b(d) = -d**2 - 6*d - 5. Calculate b(-4).
3
Let t(m) = -m**3 + 3*m**2 + 12*m - 5. Calculate t(5).
5
Let i(y) = -5*y**2 - 67*y - 26. Give i(-13).
0
Let a(v) = -3*v + 5. Determine a(3).
-4
Let x(l) = l + 6. Determine x(5).
11
Let t(f) = -f**3 + 10*f**2 - 2*f + 24. Determine t(10).
4
Let s(k) = 6*k**2 - 2*k - 11. Determine s(-2).
17
Let d(k) = 2*k**2 - 13*k + 22. What is d(7)?
29
Let x(j) = j**3 - 6*j**2 - j - 8. Calculate x(4).
-44
Let x(n) = 2*n**3 - 21*n**2 + 10*n - 12. Determine x(10).
-12
Let x(p) = -8*p - 4. Determine x(-3).
20
Let p(v) = -3*v**2 + 3*v - 2. What is p(2)?
-8
Let h(j) = 4*j - 8. Determine h(4).
8
Let q(h) = h**2 - 16*h + 3. Give q(0).
3
Let y(d) = 7*d**2 - d. Give y(-1).
8
Let o(k) = -k**3 + 6*k**2 - 5*k - 6. Determine o(5).
-6
Let h(a) = a**3 - a**2 - 22*a - 15. What is h(5)?
-25
Let w(p) = -22*p - 2. Calculate w(1).
-24
Let u(n) = -2*n**2 - 6*n - 4. Give u(0).
-4
Let f(j) = 47*j + 205. Determine f(-4).
17
Let w(m) = 2*m**3 - 6*m**2 - m - 32. Calculate w(5).
63
Let u(v) = -v**3 + 7*v**2 + 8*v + 4. Calculate u(8).
4
Let n(k) = 5*k + 1. Calculate n(1).
6
Let v(m) = 2*m**3 - 20*m**2 + 20*m - 20. Give v(9).
-2
Let c(d) = d**2 + 14*d + 13. Give c(-10).
-27
Let i(b) = b**2 + 16*b + 10. Give i(-15).
-5
Let p(u) = u + 6. Determine p(6).
12
Let y(d) = -2*d**2 - 9*d + 122. Determine y(6).
-4
Let u(j) = -2*j**2 + 32*j - 8. What is u(16)?
-8
Let v(j) = -16*j + 23. Determine v(-7).
135
Let d(k) = -33*k**2 + 2*k - 1. Give d(1).
-32
Let r(o) = -o**3 + 5*o**2 - o + 9. Determine r(5).
4
Let l(m) = m**3 + m**2 - m + 7. Calculate l(0).
7
Let k(d) = 17*d**2 + d. Calculate k(-1).
16
Let c(t) = t**2 + 5*t - 3. Give c(-11).
63
Let b(r) = -r**3 + 33*r**2 + r - 27. Give b(33).
6
Let t(o) = -o**2 + 6*o + 40. Calculate t(11).
-15
Let o(s) = -s**3 - 4*s**2 - s - 1. Calculate o(-3).
-7
Let c(t) = 27*t + 817. Calculate c(-30).
7
Let q(j) = 2*j**3 + 18*j**2 + 17*j - 1. Give q(-8).
-9
Let v(n) = 10*n - 2. Give v(3).
28
Let z(f) = -f**3 + 47*f**2 - 170*f - 82. Determine z(43).
4
Let w(d) = d**2 - 15*d + 17. Give w(13).
-9
Let z(b) = b**3 - 4*b**2 + 4*b - 3. Give z(2).
-3
Let f(u) = 13*u + 249. Determine f(-20).
-11
Let p(x) = 2*x**3 + 13*x**2 + 10*x + 15. What is p(-6)?
-9
Let z(n) = 13*n + 13. Determine z(-4).
-39
Let t(q) = 14*q**3 + 2*q**2 + 2*q + 1. Give t(-1).
-13
Let s(p) = p**2 - 25*p + 32. Calculate s(23).
-14
Let z(o) = 7*o - 2. Calculate z(2).
12
Let l(x) = x**2 - 6*x + 11. What is l(7)?
18
Let p(v) = 34*v**2 - 3*v + 2. Calculate p(1).
33
Let p(n) = -6*n + 13. Give p(3).
-5
Let g(l) = l**3 + 9*l**2 - 2*l + 7. Give g(-9).
25
Let c(n) = -31*n + 2. What is c(0)?
2
Let v(d) = d**2 - 4*d - 13. Determine v(-3).
8
Let k(q) = -2*q + 34. Determine k(19).
-4
Let a(o) = -o**3 - 6*o**2 + 3*o - 9. Give a(-7).
19
Let m(a) = a**3 - 9*a**2 - 9*a - 3. Determine m(10).
7
Let s(w) = -3*w**2 - 48*w - 51. Give s(-15).
-6
Let v(f) = f**3 + 13*f**2 - 16*f + 4. Give v(-14).
32
Let l(r) = -17*r - 11. Determine l(4).
-79
Let c(q) = q**3 - 31*q**2 - 2*q + 34. Give c(31).
-28
Let b(w) = -7*w + 2. Give b(-3).
23
Let a(k) = -k**3 + 8*k**2 - 8*k + 8. Determine a(7).
1
Let l(w) = 13*w - 21. What is l(7)?
70
Let m(y) = -23*y - 65. Give m(-6).
73
Let k(f) = f**3 - 3*f**2 + 18*f - 83. Determine k(4).
5
Let z(m) = -m**2 - m + 142. Determine z(-13).
-14
Let u(g) = 2*g - 59. Give u(24).
-11
Let v(j) = -j**3 - 5*j**2 + 5*j + 10. Give v(-6).
16
Let y(i) = i**3 - 7*i**2 + 3*i + 7. Determine y(5).
-28
Let t(x) = 4*x - 20. Calculate t(-11).
-64
Let a(p) = -p**3 - 4*p**2 + 5. Give a(-5).
30
Let h(o) = -o - 19. Calculate h(-13).
-6
Let t(n) = -n**3 + 6*n**2 - n + 1. What is t(4)?
29
Let u(c) = c**2 + 19*c + 75. Give u(-6).
-3
Let k(b) = b**3 + 9*b**2 + b - 59. Calculate k(-8).
-3
Let q(b) = b**3 + 4*b**2 - 4. What is q(-3)?
5
Let n(k) = k**3 - 8*k**2 - 7. What is n(8)?
-7
Let a(u) = u**3 - 4*u**2 - 11*u + 15. Calculate a(6).
21
Let m(x) = -3*x**2 + 23*x + 2. Give m(8).
-6
Let k(i) = 5*i + 9. Determine k(-21).
-96
Let p(w) = 3*w**3 - 2*w**2 - 3. Determine p(2).
13
Let s(w) = w**3 - 18*w**2 + 17*w + 21. What is s(17)?
21
Let x(i) = 32*i**3 + 2*i - 1. Give x(1).
33
Let o(m) = m**3 - 7*m**2 + 10*m - 30. Calculate o(6).
-6
Let f(n) = 14*n + 71. Give f(-5).
1
Let v(s) = s**2 + 16*s - 18. What is v(-17)?
-1
Let u(q) = q**3 - 8*q**2 - 3*q - 7. Give u(8).
-31
Let v(g) = g**2 + 3. Determine v(-4).
19
Let w(h) = -h**3 + h. Determine w(-1).
0
Let f(l) = -l**3 + 12*l**2 + 14*l + 9. Give f(13).
22
Let o(s) = s**2 + 13*s + 15. Calculate o(-12).
3
Let f(i) = 61*i + 1. Determine f(1).
62
Let y(r) = -3*r + 28. Calculate y(7).
7
Let q(j) = -2*j**2 - j + 7. What is q(2)?
-3
Let w(j) = 2*j**2 - 12*j + 8. Calculate w(5).
-2
Let n(y) = -y - 14. Determine n(-14).
0
Let o(n) = 4*n + 59. Calculate o(-13).
7
Let g(u) = u**3 + 13*u**2 + u + 4. What is g(-13)?
-9
Let a(n) = -20*n + 8. Give a(1).
-12
Let a(q) = -q**2 - 22*q - 96. What is a(-6)?
0
Let h(a) = -a**3 - 9*a**2 - 8*a. Determine h(-8).
0
Let j(f) = -109*f + 213. Calculate j(2).
-5
Let s(t) = -t**3 + 1. What is s(3)?
-26
Let p(m) = -14*m. Calculate p(-1).
14
Let k(u) = -u**3 + 8*u**2 - 14*u + 57. Determine k(7).
8
Let j(a) = -12*a - 6. Calculate j(0).
-6
Let b(z) = z**2 - 16*z + 91. Give b(12).
43
Let n(i) = 12*i + 103. Give n(-9).
-5
Let v(y) = y**3 + 15*y**2 + 41*y - 26. What is v(-11)?
7
Let c(n) = 8*n**2 - 9. Determine c(-3).
63
Let b(s) = -6*s + 6. Determine b(6).
-30
Let n(z) = -6*z**2 + 2*z + 3. What is n(-3)?
-57
Let v(y) = -y**3 + 3*y**2 - 6*y + 12. Give v(2).
4
Let t(l) = l**3 + 17*l**2 + 2*l + 24. Calculate t(-17).
-10
Let x(m) = 2*m**2 + 65*m - 544. Calculate x(7).
9
Let a(f) = f**3 - 6*f**2 + f. Give a(5).
-20
Let i(t) = t**2 + 3*t - 4. Give i(-3).
-4
Let m(p) = -p**2 - 6*p. Calculate m(-8).
-16
Let t(d) = 14*d**2 - d - 2. Calculate t(-1).
13
Let y(f) = -f - 28. Determine y(9).
-37
Let d(c) = -85*c**3 + 2*c**2 - c - 2. Calculate d(-1).
86
